 a multiple of 55?
True
Does 54 divide 456348?
False
Does 15 divide 3694800?
True
Is 114455 a multiple of 5?
True
Is 92157 a multiple of 11?
False
Is 39 a factor of 557504?
False
Is 7 a factor of 1852240?
False
Is 167 a factor of 3291236?
True
Is 41691 a multiple of 3?
True
Does 15 divide 2314720?
False
Is 2583325 a multiple of 10?
False
Is 4212 a multiple of 27?
True
Is 2392 a factor of 21205080?
True
Does 136 divide 673064?
True
Is 4 a factor of 27704?
True
Is 2371392 a multiple of 576?
True
Does 95 divide 391400?
True
Is 361425 a multiple of 24?
False
Is 347 a factor of 84794?
False
Does 490 divide 291379?
False
Does 217 divide 5250123?
False
Is 3 a factor of 77269?
False
Is 68110 a multiple of 254?
False
Is 136627 a multiple of 9?
False
Does 32 divide 3080?
False
Is 4704100 a multiple of 264?
False
Is 736232 a multiple of 15?
False
Is 62 a factor of 123566?
True
Is 7 a factor of 451967?
False
Is 556450 a multiple of 6?
False
Is 92364 a multiple of 21?
False
Does 18 divide 1537506?
True
Does 193 divide 2444608?
False
Is 89043 a multiple of 83?
False
Is 557016 a multiple of 19?
False
Is 287193 a multiple of 15?
False
Does 31 divide 176266?
True
Does 993 divide 15389514?
True
Is 9 a factor of 4304251?
False
Does 27 divide 17604?
True
Is 3 a factor of 400242?
True
Does 47 divide 102765?
False
Is 2428608 a multiple of 91?
True
Does 2 divide 681137?
False
Is 174324 a multiple of 3?
True
Is 288 a factor of 409859?
False
Is 5 a factor of 393885?
True
Is 27 a factor of 179010?
True
Is 1638 a factor of 55692?
True
Is 34769 a multiple of 20?
False
Is 867565 a multiple of 5?
True
Is 584 a factor of 1139637?
False
Is 1253256 a multiple of 632?
True
Does 79 divide 106073?
False
Does 164 divide 225664?
True
Does 16 divide 325063?
False
Does 536 divide 316601?
False
Is 106 a factor of 1311750?
True
Does 72 divide 400536?
True
Is 14568 a multiple of 12?
True
Is 31 a factor of 6650833?
True
Does 145 divide 4264885?
True
Does 4 divide 328616?
True
Is 33 a factor of 13794?
True
Does 69 divide 1449775?
False
Is 343 a factor of 116615?
False
Is 17 a factor of 667013?
False
Is 53 a factor of 9395389?
False
Does 21 divide 426531?
True
Does 10 divide 31032?
False
Is 378181 a multiple of 171?
False
Is 67260 a multiple of 12?
True
Is 458 a factor of 72822?
True
Is 31 a factor of 1411475?
False
Is 8782964 a multiple of 18?
False
Is 708204 a multiple of 42?
True
Is 87 a factor of 1790973?
False
Is 20 a factor of 98640?
True
Does 142 divide 55806?
True
Is 37 a factor of 13610496?
False
Is 34 a factor of 16431?
False
Does 742 divide 154606?
False
Is 24 a factor of 336384?
True
Does 13 divide 15036391?
False
Is 542815 a multiple of 35?
True
Does 544 divide 174080?
True
Does 7 divide 209527?
False
Is 449 a factor of 1499211?
True
Is 99 a factor of 469557?
True
Does 174 divide 346608?
True
Is 2402090 a multiple of 60?
False
Is 115 a factor of 2006306?
False
Does 33 divide 163218?
True
Is 10611350 a multiple of 12?
False
Is 23 a factor of 96291?
False
Is 22867460 a multiple of 868?
True
Does 64 divide 9763?
False
Is 220064 a multiple of 416?
True
Is 227 a factor of 5733773?
False
Is 3 a factor of 4745609?
False
Does 42 divide 824928?
False
Is 1420 a factor of 4993092?
False
Does 177 divide 2771112?
True
Is 26 a factor of 232281?
False
Is 142 a factor of 5837194?
True
Is 19 a factor of 839515?
True
Is 1004909 a multiple of 13?
False
Does 284 divide 161596?
True
Is 2561520 a multiple of 312?
True
Does 130 divide 1525763?
False
Is 135 a factor of 811080?
True
Is 420406 a multiple of 36?
False
Is 285 a factor of 1622220?
True
Is 16 a factor of 4415152?
True
Does 710 divide 5748160?
True
Is 249360 a multiple of 20?
True
Is 177510 a multiple of 257?
False
Is 654052 a multiple of 51?
False
Is 1750445 a multiple of 51?
False
Is 400928 a multiple of 44?
True
Is 143313 a multiple of 67?
True
Does 1186 divide 12580143?
False
Is 14079172 a multiple of 84?
False
Does 50 divide 895208?
False
Is 1497472 a multiple of 32?
True
Is 69997 a multiple of 14?
False
Is 127605 a multiple of 181?
True
Does 540 divide 248400?
True
Is 360582 a multiple of 32?
False
Is 812406 a multiple of 841?
True
Is 548 a factor of 623684?
False
Does 308 divide 43428?
True
Does 15 divide 383265?
True
Is 312 a factor of 2383992?
True
Does 49 divide 462959?
False
Is 757 a factor of 2041629?
True
Is 29160 a multiple of 70?
False
Is 4488823 a multiple of 29?
True
Is 180 a factor of 1305644?
False
Is 2232568 a multiple of 26?
True
Is 298 a factor of 453192?
False
Is 129643 a multiple of 16?
False
Does 70 divide 62930?
True
Is 1677009 a multiple of 120?
False
Does 74 divide 1469270?
True
Is 3003738 a multiple of 10?
False
Does 16 divide 5999368?
False
Is 128628 a multiple of 108?
True
Does 1661 divide 167051?
False
Is 483035 a multiple of 185?
True
Does 4 divide 214197?
False
Is 446 a factor of 584260?
True
Does 1045 divide 1882045?
True
Is 12839622 a multiple of 73?
False
Is 220703 a multiple of 5?
False
Is 89 a factor of 313207?
False
Is 162726 a multiple of 74?
True
Is 33798 a multiple of 43?
True
Does 64 divide 20288?
True
Is 610 a factor of 1712270?
True
Is 12 a factor of 39788?
False
Is 41 a factor of 244522?
False
Is 21 a factor of 1124073?
False
Does 470 divide 2289681?
False
Is 7 a factor of 17990?
True
Is 21516704 a multiple of 352?
True
Is 462672 a multiple of 238?
True
Does 2 divide 183917?
False
Is 105 a factor of 12287016?
False
Is 28 a factor of 1304821?
False
Is 55 a factor of 261085?
True
Does 13 divide 1255942?
False
Is 38 a factor of 143868?
True
Is 3190373 a multiple of 664?
False
Is 532684 a multiple of 38?
True
Does 1683 divide 6102774?
False
Is 68 a factor of 12677580?
True
Does 21 divide 22699047?
True
Does 88 divide 61850?
False
Is 40 a factor of 25599?
False
Is 263220 a multiple of 30?
True
Does 1067 divide 2518120?
True
Does 15 divide 247425?
True
Is 4108778 a multiple of 8?
False
Is 14 a factor of 1638252?
True
Is 1063556 a multiple of 24?
False
Does 22 divide 1928293?
False
Does 177 divide 7611?
True
Does 6 divide 55020?
True
Does 38 divide 140448?
True
Does 237 divide 3970575?
False
Is 783426 a multiple of 483?
True
Does 32 divide 1557664?
True
Is 972 a factor of 3429576?
False
Is 4282863 a multiple of 6?
False
Is 19 a factor of 11437354?
True
Does 694 divide 120137?
False
Does 476 divide 215156?
False
Does 89 divide 8079852?
False
Is 1126050 a multiple of 150?
True
Is 1540931 a multiple of 23?
True
Is 21 a factor of 7906?
False
Does 51 divide 4784848?
False
Does 85 divide 428655?
True
Is 29835434 a multiple of 19?
True
Is 2644278 a multiple of 501?
True
Is 245 a factor of 1080046?
False
Is 3269079 a multiple of 11?
True
Is 12 a factor of 154135?
False
Is 1154520 a multiple of 24?
True
Does 17 divide 3598190?
False
Is 1882874 a multiple of 14?
True
Is 191 a factor of 229638?
False
Does 11 divide 4638272?
False
Does 48 divide 372486?
False
Does 59 divide 16056?
False
Does 117 divide 327951?
True
Is 1078819 a multiple of 451?
False
Does 14 divide 10036180?
True
Is 82 a factor of 294872?
True
Is 156 a factor of 2681328?
True
Does 1699 divide 734746?
False
Is 103 a factor of 125616?
False
Is 5884835 a multiple of 121?
True
Does 23 divide 11308341?
True
Does 63 divide 68486?
False
Is 416 a factor of 2305888?
True
Is 40 a factor of 454771?
False
Is 43 a factor of 23951?
True
Is 5931 a multiple of 7?
False
Does 610 divide 1185840?
True
Does 14 divide 8394223?
False
Is 1469224 a multiple of 316?
False
Does 238 divide 366021?
False
Is 115 a factor of 19686160?
True
Is 167 a factor of 576651?
True
Does 228 divide 8490818?
False
Is 395 a factor of 5605840?
True
Does 1591 divide 5223253?
True
Is 449722 a multiple of 958?
False
Does 27 divide 20213?
False
Is 355418 a multiple of 184?
False
Does 475 divide 1302664?
False
Is 143336 a multiple of 41?
True
Is 76579 a multiple of 26?
False
Is 78624 a multiple of 16?
True
Is 3334228 a multiple of 225?
False
Does 7 divide 78628?
False
Is 739416 a multiple of 8?
True
Is 16 a factor of 61606?
False
Is 17 a factor of 135218?
True
Does 4 divide 64320?
True
Does 4 divide 170120?
True
Does 13 divide 1297760?
False
Is 47424 a multiple of 52?
True
Is 33120 a multiple of 45?
True
Is 76 a factor of 758404?
True
Is 5280 a multiple of 8?
True
Is 31 a factor of 53527?
